e the highest common factor of 1863209 and 69819.
1369
Calculate the greatest common factor of 20 and 828357370.
10
What is the highest common divisor of 1 and 16108417?
1
What is the greatest common divisor of 2253511 and 13?
13
What is the greatest common divisor of 12616942 and 3302?
3302
What is the greatest common divisor of 34941 and 2137215?
57
Calculate the highest common factor of 62812465 and 2150.
215
What is the highest common factor of 740728230 and 60?
30
What is the highest common factor of 222472927 and 49928?
6241
Calculate the greatest common factor of 1204 and 2043832.
28
What is the greatest common divisor of 300 and 9292275?
75
Calculate the greatest common factor of 32705 and 324505.
5
Calculate the greatest common factor of 2373680 and 4112.
16
What is the highest common factor of 898 and 2688818540?
898
Calculate the highest common factor of 2748 and 247704.
12
Calculate the highest common divisor of 54 and 7678377.
9
What is the highest common divisor of 3263 and 2865993?
13
Calculate the highest common divisor of 682968 and 1728.
24
Calculate the greatest common divisor of 2145483 and 35457.
669
Calculate the highest common factor of 1399433 and 2604.
217
What is the highest common divisor of 399 and 211193493?
399
What is the highest common factor of 3840 and 21253800?
120
Calculate the greatest common divisor of 7007 and 157792544.
637
Calculate the highest common divisor of 963 and 62301071.
107
Calculate the highest common factor of 23772916 and 188092.
3188
What is the highest common divisor of 468 and 6826482?
234
Calculate the highest common divisor of 15013 and 1093.
1
Calculate the greatest common divisor of 131936 and 2137576.
1064
What is the greatest common divisor of 1658205 and 45795?
1065
What is the highest common divisor of 274256 and 69969?
281
Calculate the greatest common factor of 618436 and 63046492.
6796
Calculate the highest common divisor of 552230 and 57730.
230
Calculate the highest common divisor of 11713355 and 5.
5
What is the greatest common divisor of 1647 and 4199728?
61
Calculate the highest common divisor of 12880 and 34105596.
644
What is the highest common divisor of 1414710 and 360?
90
What is the highest common divisor of 5672 and 14312?
8
Calculate the highest common factor of 10 and 544685.
5
What is the greatest common factor of 2684 and 9988?
44
Calculate the greatest common factor of 159377813 and 21.
7
Calculate the highest common divisor of 185101584 and 2064.
2064
What is the greatest common factor of 30 and 122195406?
6
Calculate the highest common divisor of 264 and 652136.
8
What is the highest common factor of 5315 and 9445?
5
Calculate the greatest common divisor of 1295 and 522329.
37
Calculate the greatest common divisor of 924 and 102273171.
231
What is the greatest common divisor of 23619978 and 4698?
1566
Calculate the greatest common factor of 495 and 14815845.
495
What is the highest common divisor of 14583668 and 110?
22
Calculate the highest common factor of 901861752 and 34656.
8664
What is the greatest common factor of 230538504 and 168?
168
Calculate the highest common divisor of 602775 and 47329.
893
What is the greatest common divisor of 53259714 and 6?
6
What is the highest common factor of 13338848 and 64?
32
Calculate the greatest common factor of 7068 and 7508572.
2356
What is the highest common divisor of 9198 and 564071?
73
Calculate the highest common factor of 190476 and 125268.
1716
What is the greatest common factor of 3402 and 173514474?
1134
Calculate the highest common divisor of 13340 and 400142.
58
Calculate the greatest common divisor of 11 and 139769531.
11
Calculate the highest common divisor of 54 and 24237594.
18
Calculate the greatest common factor of 102 and 380412978.
102
What is the greatest common divisor of 30816658 and 146?
146
Calculate the greatest common factor of 232 and 6946892.
116
Calculate the highest common factor of 66681 and 269831.
239
What is the highest common factor of 10798621 and 205?
41
What is the greatest common factor of 676 and 2115952332?
676
Calculate the highest common factor of 50478872 and 82.
82
What is the greatest common divisor of 271335 and 5115?
15
Calculate the greatest common divisor of 142 and 14998466.
142
What is the greatest common factor of 234896757 and 6?
3
Calculate the highest common factor of 1177692 and 55522.
782
What is the highest common divisor of 612 and 254189916?
612
What is the greatest common divisor of 482 and 3329897?
241
Calculate the highest common divisor of 1428646 and 170.
34
Calculate the greatest common factor of 3750 and 4698125.
625
What is the highest common factor of 4811707 and 183718?
947
What is the greatest common divisor of 407799 and 44163?
63
Calculate the highest common divisor of 2486756 and 933.
311
What is the highest common divisor of 830952 and 576?
72
Calculate the greatest common factor of 76 and 6257942.
2
What is the highest common divisor of 3499821 and 2808?
351
What is the highest common divisor of 43216292 and 52?
4
Calculate the greatest common divisor of 20 and 266772165.
5
Calculate the highest common factor of 426168 and 12618.
18
Calculate the highest common factor of 643615674 and 78.
78
What is the greatest common divisor of 5 and 35855835?
5
What is the highest common factor of 705111 and 6831?
759
Calculate the greatest common divisor of 130019 and 65501311.
5653
What is the highest common factor of 92658 and 42816?
6
What is the highest common divisor of 3811 and 18678226?
103
Calculate the greatest common factor of 1542662541 and 441.
441
Calculate the greatest common factor of 53901133 and 143.
143
What is the greatest common factor of 49129 and 39493?
73
What is the highest common divisor of 208604808 and 96?
24
What is the greatest common factor of 1296534465 and 3915?
3915
What is the highest common divisor of 6650722 and 37544?
494
What is the greatest common factor of 71566 and 18524?
22
What is the greatest common divisor of 268 and 613775476?
268
Calculate the highest common divisor of 22030 and 22545.
5
What is the greatest common factor of 20631 and 854864?
529
What is the greatest common divisor of 254228 and 1651?
13
What is the highest common factor of 30452 and 16852?
4
What is the highest common divisor of 702 and 20628?
54
Calculate the greatest common divisor of 645 and 6493320.
15
What is the highest common factor of 16760568 and 96?
24
What is the highest common divisor of 10139592 and 1974?
282
Calculate the highest common factor of 5803 and 262426582.
829
What is the greatest common divisor of 12795900 and 15470?
2210
What is the greatest common factor of 2996 and 4548356?
428
Calculate the highest common factor of 13611609 and 1881.
99
Calculate the greatest common factor of 2531120 and 400.
80
What is the greatest common factor of 341048 and 63368?
712
What is the highest common factor of 711 and 149625?
9
What is the highest common factor of 159 and 163849606?
53
Calculate the highest common factor of 3920 and 29866160.
80
Calculate the highest common factor of 8232 and 67944.
24
Calculate the highest common factor of 99384 and 681144.
2424
Calculate the greatest common divisor of 106 and 30323738.
106
Calculate the greatest common divisor of 826 and 24570392.
14
What is the highest common factor of 120 and 3479070?
30
Calculate the highest common factor of 725940 and 86765.
185
What is the greatest common divisor of 636944 and 14197008?
5264
What is the greatest common divisor of 92 and 33749372?
92
What is the highest common factor of 2732444 and 198?
22
What is the greatest common factor of 41469322 and 141?
47
What is the greatest common factor of 691468 and 1644?
4
What is the highest common factor of 22 and 2880867?
11
What is the greatest common factor of 6437 and 43018?
157
Calculate the highest common divisor of 5101371 and 891.
99
What is the highest common factor of 2055 and 406914660?
2055
What is the greatest common divisor of 225147 and 217971?
897
What is the greatest common divisor of 356 and 90646945?
89
Calculate the highest common factor of 29733824 and 72.
8
What is the highest common factor of 290372320 and 7269?
2423
Calculate the greatest common factor of 306 and 27288672.
102
